{"id":9,"date":"2026-03-25T15:24:40","date_gmt":"2026-03-25T15:24:40","guid":{"rendered":"https:\/\/ikkunoidenpesu.fi\/?page_id=9"},"modified":"2026-04-18T11:37:58","modified_gmt":"2026-04-18T11:37:58","slug":"elementor-9","status":"publish","type":"page","link":"https:\/\/ikkunoidenpesu.fi\/","title":{"rendered":"Elementor #9"},"content":{"rendered":"\t\t<div data-elementor-type=\"wp-post\" data-elementor-id=\"9\" class=\"elementor elementor-9\">\n\t\t\t\t<div class=\"elementor-element elementor-element-7fe7d6b e-con-full e-flex e-con e-parent\" data-id=\"7fe7d6b\" data-element_type=\"container\" data-e-type=\"container\">\n\t\t\t\t<div class=\"elementor-element elementor-element-9974f1b elementor-widget elementor-widget-image\" data-id=\"9974f1b\" data-element_type=\"widget\" data-e-type=\"widget\" data-widget_type=\"image.default\">\n\t\t\t\t\t\t\t\t\t\t\t\t\t\t\t<img fetchpriority=\"high\" decoding=\"async\" width=\"1536\" height=\"1024\" src=\"https:\/\/ikkunoidenpesu.fi\/wp-content\/uploads\/2026\/03\/ChatGPT-Image-25.3.2026-klo-15.25.05.png\" class=\"attachment-full size-full wp-image-12\" alt=\"\" srcset=\"https:\/\/ikkunoidenpesu.fi\/wp-content\/uploads\/2026\/03\/ChatGPT-Image-25.3.2026-klo-15.25.05.png 1536w, https:\/\/ikkunoidenpesu.fi\/wp-content\/uploads\/2026\/03\/ChatGPT-Image-25.3.2026-klo-15.25.05-300x200.png 300w, https:\/\/ikkunoidenpesu.fi\/wp-content\/uploads\/2026\/03\/ChatGPT-Image-25.3.2026-klo-15.25.05-1024x683.png 1024w, https:\/\/ikkunoidenpesu.fi\/wp-content\/uploads\/2026\/03\/ChatGPT-Image-25.3.2026-klo-15.25.05-768x512.png 768w\" sizes=\"(max-width: 1536px) 100vw, 1536px\" \/>\t\t\t\t\t\t\t\t\t\t\t\t\t\t\t<\/div>\n\t\t\t\t<\/div>\n\t\t<div class=\"elementor-element elementor-element-443c873 e-con-full e-flex e-con e-parent\" data-id=\"443c873\" data-element_type=\"container\" data-e-type=\"container\">\n\t\t\t\t<div class=\"elementor-element elementor-element-d3c8844 elementor-widget elementor-widget-heading\" data-id=\"d3c8844\" data-element_type=\"widget\" data-e-type=\"widget\" data-widget_type=\"heading.default\">\n\t\t\t\t\t<h2 class=\"elementor-heading-title elementor-size-default\">Ikkunanpesua ammattilaisilta \u2013 yli 20 vuoden kokemuksella<br><\/h2>\t\t\t\t<\/div>\n\t\t\t\t<\/div>\n\t\t<div class=\"elementor-element elementor-element-5efc758 e-flex e-con-boxed e-con e-parent\" data-id=\"5efc758\" data-element_type=\"container\" data-e-type=\"container\">\n\t\t\t\t\t<div class=\"e-con-inner\">\n\t\t\t\t<div class=\"elementor-element elementor-element-177c475 elementor-widget elementor-widget-text-editor\" data-id=\"177c475\" data-element_type=\"widget\" data-e-type=\"widget\" data-widget_type=\"text-editor.default\">\n\t\t\t\t\t\t\t\t\t<p>\u00a0<\/p><p><b>Ammattitason ikkunanpesu \u2013 luotettavasti ja turvallisesti<\/b><b><\/b><\/p><p>Tarjoamme korkealaatuista ikkunanpesua koteihin, taloyhti\u00f6ihin ja yrityksille yli 20 vuoden kokemuksella.<\/p><p>Ty\u00f6 toteutetaan huolellisesti, aikataulussa ja aina kohteen vaatimusten mukaisesti.<\/p><p>\u2714 Viimeistelty, kirkas ja puhdas lopputulos<\/p><p>\u2714 Selke\u00e4 hinnoittelu \u2013 ei yll\u00e4tyksi\u00e4<\/p><p>\u2714 Luotettava ja ammattimainen palvelu<\/p><p>Palvelemme koko Etel\u00e4-Suomen alueella \u2013 Helsinki, Espoo, Vantaa, Kauniainen, Turku, Lahti, H\u00e4meenlinna, Riihim\u00e4ki, Hyvink\u00e4\u00e4, Porvoo, Lohja sek\u00e4 l\u00e4hialueet.<\/p><p>\u2e3b<\/p><p><b>Vaativat kohteet hallitusti<\/b><b><\/b><\/p><p>Toteutamme ikkunanpesut my\u00f6s kohteissa, joissa vaaditaan erityisosaamista ja kalustoa:<\/p><p>\u2714 Nostinty\u00f6n\u00e4<\/p><p>\u2714 K\u00f6ysitekniikalla<\/p><p>\u2714 Korkeat ja haastavat rakennukset<\/p><p>\u2714 Suuret taloyhti\u00f6t ja liikekiinteist\u00f6t<\/p><p>\u2e3b<\/p><p><b>Kaikki j\u00e4rjestelyt yhdest\u00e4 paikasta<\/b><b><\/b><\/p><p>Huolehdimme koko prosessista alusta loppuun:<\/p><p>\u2714 Katuty\u00f6luvat ja viranomaisvaatimukset<\/p><p>\u2714 Aitaukset ja turvallinen ty\u00f6skentely<\/p><p>\u2714 Ty\u00f6maan suojaus ja siisteys<\/p><p>\u2e3b<\/p><p><b>Palvelu, joka toimii \u2013 asiakkaasta riippumatta<\/b><b><\/b><\/p><p>Olipa kyseess\u00e4 yksitt\u00e4inen koti tai laajempi kokonaisuus, toimintatapamme on sama:<\/p><p>huolellinen toteutus, selke\u00e4 kommunikointi ja puhdas lopputulos laatutakuulla.<\/p>\t\t\t\t\t\t\t\t<\/div>\n\t\t\t\t\t<\/div>\n\t\t\t\t<\/div>\n\t\t<div class=\"elementor-element elementor-element-1f0cf0e e-flex e-con-boxed e-con e-parent\" data-id=\"1f0cf0e\" data-element_type=\"container\" data-e-type=\"container\">\n\t\t\t\t\t<div class=\"e-con-inner\">\n\t\t\t\t<div class=\"elementor-element elementor-element-11e15f4 elementor-align-left elementor-mobile-align-center elementor-widget elementor-widget-button\" data-id=\"11e15f4\" data-element_type=\"widget\" data-e-type=\"widget\" data-widget_type=\"button.default\">\n\t\t\t\t\t\t\t\t\t\t<a class=\"elementor-button elementor-button-link elementor-size-sm\" href=\"tel:0403618647\">\n\t\t\t\t\t\t<span class=\"elementor-button-content-wrapper\">\n\t\t\t\t\t\t\t\t\t<span class=\"elementor-button-text\">Soita heti 040 3618647<\/span>\n\t\t\t\t\t<\/span>\n\t\t\t\t\t<\/a>\n\t\t\t\t\t\t\t\t<\/div>\n\t\t\t\t<div class=\"elementor-element elementor-element-9e8707e elementor-align-left elementor-mobile-align-center elementor-widget elementor-widget-button\" data-id=\"9e8707e\" data-element_type=\"widget\" data-e-type=\"widget\" data-widget_type=\"button.default\">\n\t\t\t\t\t\t\t\t\t\t<a class=\"elementor-button elementor-button-link elementor-size-sm\" href=\"mailto:myynti@ikkunoidenpesu.fi\">\n\t\t\t\t\t\t<span class=\"elementor-button-content-wrapper\">\n\t\t\t\t\t\t\t\t\t<span class=\"elementor-button-text\">Pyyd\u00e4 tarjous<\/span>\n\t\t\t\t\t<\/span>\n\t\t\t\t\t<\/a>\n\t\t\t\t\t\t\t\t<\/div>\n\t\t\t\t\t<\/div>\n\t\t\t\t<\/div>\n\t\t<div class=\"elementor-element elementor-element-6ec7063 e-flex e-con-boxed e-con e-parent\" data-id=\"6ec7063\" data-element_type=\"container\" data-e-type=\"container\">\n\t\t\t\t\t<div class=\"e-con-inner\">\n\t\t\t\t<div class=\"elementor-element elementor-element-1f9cc0d elementor-widget elementor-widget-button\" data-id=\"1f9cc0d\" data-element_type=\"widget\" data-e-type=\"widget\" data-widget_type=\"button.default\">\n\t\t\t\t\t\t\t\t\t\t<a class=\"elementor-button elementor-button-link elementor-size-sm\" href=\"https:\/\/wa.me\/358403618647?text=Hei%2C%20haluaisin%20tarjouksen%20ja%20liit\u00e4n%20kuvia%20ikkunanpesutarpeista\" target=\"_blank\">\n\t\t\t\t\t\t<span class=\"elementor-button-content-wrapper\">\n\t\t\t\t\t\t\t\t\t<span class=\"elementor-button-text\">L\u00e4het\u00e4 kuvat ja pyyd\u00e4 tarjous helposti WhatsAppissa<\/span>\n\t\t\t\t\t<\/span>\n\t\t\t\t\t<\/a>\n\t\t\t\t\t\t\t\t<\/div>\n\t\t\t\t\t<\/div>\n\t\t\t\t<\/div>\n\t\t<div class=\"elementor-element elementor-element-c191b4a e-flex e-con-boxed e-con e-parent\" data-id=\"c191b4a\" data-element_type=\"container\" data-e-type=\"container\" data-settings=\"{&quot;background_background&quot;:&quot;classic&quot;}\">\n\t\t\t\t\t<div class=\"e-con-inner\">\n\t\t\t\t<div class=\"elementor-element elementor-element-a9f14f6 elementor-widget__width-initial elementor-widget elementor-widget-text-editor\" data-id=\"a9f14f6\" data-element_type=\"widget\" data-e-type=\"widget\" data-widget_type=\"text-editor.default\">\n\t\t\t\t\t\t\t\t\t<p><strong>Serviclar Oy<\/strong><\/p><p>Y-tunnus 3163318-5<\/p><p>\ud83d\udce7 <a href=\"mailto:myynti@ikkunoidenpesu.fi\">myynti@ikkunoidenpesu.fi<\/a> <br \/>\ud83d\udcde 040 361 8647<\/p><p><a href=\"https:\/\/ikkunoidenpesu.fi\/index.php\/tietosuojaseloste\/\" target=\"_blank\" rel=\"noopener\">Tietosuojaseloste<\/a><\/p>\t\t\t\t\t\t\t\t<\/div>\n\t\t\t\t\t<\/div>\n\t\t\t\t<\/div>\n\t\t\t\t<\/div>\n\t\t","protected":false},"excerpt":{"rendered":"<p>Ikkunanpesua ammattilaisilta \u2013 yli 20 vuoden kokemuksella \u00a0 Ammattitason ikkunanpesu \u2013 luotettavasti ja turvallisesti Tarjoamme korkealaatuista ikkunanpesua koteihin, taloyhti\u00f6ihin ja yrityksille yli 20 vuoden kokemuksella. Ty\u00f6 toteutetaan huolellisesti, aikataulussa ja aina kohteen vaatimusten mukaisesti. \u2714 Viimeistelty, kirkas ja puhdas lopputulos \u2714 Selke\u00e4 hinnoittelu \u2013 ei yll\u00e4tyksi\u00e4 \u2714 Luotettava ja ammattimainen palvelu Palvelemme koko Etel\u00e4-Suomen alueella [&hellip;]<\/p>\n","protected":false},"author":1,"featured_media":0,"parent":0,"menu_order":0,"comment_status":"closed","ping_status":"closed","template":"elementor_canvas","meta":{"footnotes":""},"class_list":["post-9","page","type-page","status-publish","hentry"],"_links":{"self":[{"href":"https:\/\/ikkunoidenpesu.fi\/index.php\/wp-json\/wp\/v2\/pages\/9","targetHints":{"allow":["GET"]}}],"collection":[{"href":"https:\/\/ikkunoidenpesu.fi\/index.php\/wp-json\/wp\/v2\/pages"}],"about":[{"href":"https:\/\/ikkunoidenpesu.fi\/index.php\/wp-json\/wp\/v2\/types\/page"}],"author":[{"embeddable":true,"href":"https:\/\/ikkunoidenpesu.fi\/index.php\/wp-json\/wp\/v2\/users\/1"}],"replies":[{"embeddable":true,"href":"https:\/\/ikkunoidenpesu.fi\/index.php\/wp-json\/wp\/v2\/comments?post=9"}],"version-history":[{"count":73,"href":"https:\/\/ikkunoidenpesu.fi\/index.php\/wp-json\/wp\/v2\/pages\/9\/revisions"}],"predecessor-version":[{"id":110,"href":"https:\/\/ikkunoidenpesu.fi\/index.php\/wp-json\/wp\/v2\/pages\/9\/revisions\/110"}],"wp:attachment":[{"href":"https:\/\/ikkunoidenpesu.fi\/index.php\/wp-json\/wp\/v2\/media?parent=9"}],"curies":[{"name":"wp","href":"https:\/\/api.w.org\/{rel}","templated":true}]}}